at is the value of 323 - 253 - (33 + -6)?
43
7 - (65 + 7) - (1144 - 1151)
-58
Calculate 0 + (16 + 20 - -24) + 7.
67
(0 - 3) + -60 + 69 + 6 + -13 + 86
85
Evaluate 28 + 18 + -51 - ((-3 - -7) + -4 + 33).
-38
What is (-1313 - -1285 - (-14 - 2 - -2)) + (120 - -7)?
113
Evaluate -36 + 42 + -7 - 51.
-52
What is (-55 - -45) + 0 + -53?
-63
-60 + 28 - (-4 - -2 - 2 - -4)
-32
Evaluate 116 + -216 - 13 - -154.
41
-37 - -5 - (68 - 124)
24
What is the value of -48 + (-72 - -121 - -16)?
17
Evaluate -19 + (13 + 33 - (-66 + 81)).
12
What is 158 + 34 + (-106 - (39 + -83))?
130
What is 323 + -384 + (3 - 6 - (2 + 3))?
-69
Evaluate 68 - 112 - (-96 + -37).
89
What is -148 - 1 - (2995 + -3141)?
-3
What is (9 - 21) + (2 - ((300 - 306) + (0 - 53)))?
49
What is the value of 4667 + -4764 - (2 + 6 + -4 + -2)?
-99
Calculate (-7 - -2) + 65 + -63.
-3
(-49 - -1) + (45 + 6 - 51) + (-1 - 3)
-52
What is 6 - (-7 - 0) - (-69 + -25 + (29 - 7))?
85
Evaluate (8 - 18) + (-3 - -10 - 3) - (1 - 0).
-7
What is (6 - (0 - 0)) + -98 + (32 - (5 + 3))?
-68
Calculate (-41 - -22 - -13) + 3 - (-10 - -4) - 24.
-21
What is the value of (-12 + 13 + -1 + 10 - -4) + (-3 - -3)?
14
-1828 + 1920 - (105 + -5)
-8
Evaluate -43 + (-7 + (10 - 2) - -6) + -33 + 16.
-53
Evaluate 1 + 0 + 24 + (18 - 30) + 25.
38
Evaluate 2 + (-12 - (-7 - 1)) + (2 - 4) - 6.
-10
1 + 6 - ((-31 - -21) + 7 - 12) - 4
18
(116 - -36) + -68 + -45
39
-110 + 1 - (10739 + -10798)
-50
What is -23 + 65 + -92 + -13?
-63
What is the value of -10 - (-22 + 28 + -8 + -1 + 15 + -2)?
-20
Calculate (-30 - -51) + 7 + -6 + -18.
4
What is -50 - (49 - 38) - (-12 - -2)?
-51
0 + (-44 - 0 - (1 + 4)) - (23 - 33)
-39
What is (-1 - 2) + (-1118 - -1069 - ((0 - 2) + 2))?
-52
-40 + (-43 - (-22 + -21) - (-9 + 2))
-33
Evaluate -20 + (-3 - (-44 + (17 - -5))).
-1
-59 - -65 - (-25 - -14)
17
Evaluate -3 + 63 - (7 - -5 - -6 - 7).
49
Calculate -47 + (4 - (4 + (-9 + 18 - 7))).
-49
Calculate 14 - (-38 + -32 + 46).
38
Evaluate (35 - 2) + (7 - 6) + -11 + -6 + -9.
8
Calculate (-4 - (7 + 0)) + (3 - (-128 - (-21 - -23))).
122
Calculate 93 + 49 + -99 + 50.
93
Evaluate -1 + (42 - 33) + 62.
70
Calculate (36 - (95 - 49)) + (11 - -2).
3
Evaluate -12 + 5 - -2 - -107 - (26 - 37).
113
What is the value of -121 - -95 - (28 + -9 - 8)?
-37
(12 - (29 + 10)) + 10 - -26
9
-3415 - -3395 - (1 + -65)
44
What is 7 + -44 - (64 + -119)?
18
Evaluate -3 + 20 + 7 + -66.
-42
What is 4 - (1 + (18 - (19 + -4)) - (1 - 11))?
-10
What is the value of 16 - (-114 + 81 + 7 + 2)?
40
What is -2621 - -2615 - (30 - -1)?
-37
Evaluate (1 - 6) + (7 - (-15 - 2 - -2)).
17
(-4 - -1) + (393 - 413)
-23
Calculate (-1 - 1) + 11 - (11 + -17 - -18).
-3
Evaluate (-17 + (-23 - -15) - -16) + 1.
-8
Calculate 2 - 0 - 2 - (8 + -19 + -2).
13
-69 - -45 - 15 - ((-23 - -23) + 4 + 1)
-44
Evaluate (78 - 33) + (-77 - -7).
-25
Calculate (-16 - (-19 + -43 + 23)) + -73.
-50
Calculate (0 + 47 - 55) + (2 + -1 + -1 - 12).
-20
What is -24 - (-27 + (-51 - -107))?
-53
Evaluate (-59 - (48 + -76)) + 66.
35
Evaluate (64 - 31) + -60 - -13.
-14
What is 4 - 76 - (-664 + 599)?
-7
What is the value of (-22 - (8 + -9)) + (8 - 19) + 123?
91
What is the value of (-10 - -15 - (-11 + 20 + -6)) + 2?
4
What is 14 + (-25 + (26 - -23 - 20) - (5 + 1))?
12
What is the value of 58 + -31 + 3 + -7?
23
Evaluate -14 - 8 - (-30 + 1) - 4.
3
What is the value of (-4 - (3 - 0 - 14)) + 81 + -114?
-26
What is -19 + (-48 - (-4 - -7 - 4))?
-66
What is 3 - -64 - (433 - 389)?
23
What is the value of -19 + 10 + -6 + 16?
1
Evaluate (-20 - (16 - -19)) + 46.
-9
What is the value of -8 + 49 + (1 + -27 - -17)?
32
Evaluate -9 + (-20 - -29) + (4 - (-1 - -9 - -20)).
-24
What is -4 + -107 - (-3 + (12 - 22 - 6))?
-92
What is the value of -6 + -20 + (20 - -29) + -13?
10
Calculate 13 + 73 + (8 - 1 - 25).
68
Calculate -4754 - -4759 - (-2 + 2 - -2 - -24).
-21
What is 0 + -20 + (-55 - (-52 - -19))?
-42
What is (-150 - -184) + (11 - -5)?
50
Calculate 15 + (42 - (74 - 27)).
10
-1 - (-36 + 26 + -20 + -30)
59
29 + -29 + -61 - (0 + 9)
-70
5 + 1 + -87 + (-6 - -11 - (5 - -9))
-90
What is (8 - -1) + -19 + 13 + -12 + (10 - -1)?
2
63 - (-12 + 0 - (58 - 109 - -55))
79
Calculate 4 + -4 + 5 + -4 - (-22 + 12 - -18).
-7
What is the value of 5 + ((37 - 43) + -3 - (-2 + 129))?
-131
What is the value of (-29 + 9 - (5 + -10)) + 80?
65
What is 133 - (84 - (4 - -78))?
131
What is the value of -12737 + 12608 + -16 + 0?
-145
(3 - -23) + (6 + (11 - 9) - 25)
9
Calculate 22 + -24 + (-23 - -29) + 12.
16
What is (1 - 102) + 74 + -19?
-46
What is -59 - ((20 - 17) + 18 - 35)?
-45
Evaluate 0 + 48 + -1 + (-44 - -78) + -39.
42
What is the value of 57 + -58 + -64 + 75 + (1 - (0 + 36))?
-25
What is (-30 + -6 - -9) + -79 + 84?
-22
Calculate -11 - 1 - (12 - (-16 + 4 - -32)) - -6.
2
What is 0 - ((-3 - -21) + -17 - (6 + 1)) - -41?
47
Evaluate -147 - 0 - (-813 + 770) - ((1 - 6) + -3).
-96
(0 - -4) + (6 - 7 - (4 - (-4 - -4)))
-1
What is the value of -11 - ((19 - 27) + 30)?
-33
Evaluate (19 + -1 - 0) + (8 - (-10 - -29)).
7
Evaluate (-13 - 59) + 82 + -89.
-79
1 + 41 + 423 + -438
27
What is (-4 - 0) + 29 + (87 + -60 - 85)?
-33
Evaluate -58 + 12 + 41 + (-1 + 1 - (0 + -32)).
27
What is the value of -67 - (0 + 18 + -58)?
-27
-170 + (-142 - -364) + (3 - -19)
74
Evaluate -76 + (52 - (23 - 12)) + -108.
-143
Calculate 8 - (-16 - -53 - -62).
-91
What is (-2 + -1 - (3 + 0)) + 219 + -243?
-30
What is the value of (-94 - (6 + -26)) + 21?
-53
Evaluate -15 + 53 + (20 - (-46 + 19)).
85
-28 - (-88 + -13 + 4)
69
What is the value of -58 + (-57 - -124) - (20 - -1)?
-12
What is -33 - -40 - 42 - (-3 - (-3 + 5 + -2))?
-32
Evaluate -28 + (-37 + 65 - (-38 - 0)).
38
What is the value of 13 + -23 - (4 + -11 + -20 - -4)?
13
Calculate (5 - 1) + 881 + -852.
33
What is 16 + (-17 - 15) + -3 - 17?
-36
181 + -192 - (-5 - 2) - 39
-43
(-47 - (32 + -124 - -23)) + -51
-29
Evaluate 0 + 4 - (-1929 - -1918) - 112.
-97
Evaluate -183 - -190 - (-2 - -23) - 0.
-14
What is 13 - (-4 + 8) - (38 + 8 - 17 - -38)?
-58
Calculate -53 + 4 + -219 + 240.
-28
What is 12 + 8 + 38 + -24?
34
What is (-48 - -101) + 1 + -18 + (-1 - 12)?
23
What is (47 - 1) + 16 + -34 + 7 + 7?
42
-108 - (114 + -206) - (39 - 0)
-55
Evaluate 68 - (83 - 44 - -96).
-67
-15 - 0 - (-9 - (-64 + 39))
-31
What is -30 + (-7 - -48) + 32?
43
Calculate 45 + 45 + -64 + -95.
-69
What is the value of -8 + 10 + 4 + (-12 - (-12 + 15)) - -142?
133
What is -13 - (13 - -2 - (-18 + 36 + -48 - -36))?
-22
Evaluate -11 + -111 + -3 + 48.
-77
2557 + -2686 + (42 - 4 - 4)
-95
7 + -12 + (40 + -41 - (2 + -3)) + -110
-115
What is the value of 5 - (-40 - 1) - (635 - 671)?
82
Evaluate 21 + (7 - (95 - 11)) + 25.
-31
What is 49 - 27 - 64 - (-2 + 0 + 1) - 2?
-43
Evaluate 2 + -55 + 10 - (4 + -11 + 8).
-44
Calculate (-164 - -121) + (79 - 5).
31
Calculate (-29 - -8) + -12 + -12 + 94.
49
(-9 - (-9 - (-23 + 7))) + 13 + 66
63
Calculate (-5 + 16 - 77) + -14 + -24 + 19.
-85
What is the value of 14 + (-14 - (-24 + 20)) + 20?
24
-3 + -17 + (78 - -29) + -23
64
What is the value of 3 - -67 - (503 + -451)?
18
Calculate (0 - -2) + 43 - (168 - 127 - 25).
29
What is the value of -52 + 22 - (-66 - 1)?
37
53 - 3 - (63 + -91 - -39)
39
Evaluate 10 + 106 + -110 + (-41 - -4).
-31
What is (0 - -7) + (-58 - (-131 - -49))?
31
What is 2808 + -2819 + (-58 - 1)?
-70
Evaluate 47 + 24 - -6 - 13 - 27.
37
-35 + 162 + -28 + -137
-38
What is (9 + 2 + -31 + -21 + 31 - 0) + 91?
81
36 + (17 - (-33 + 37) - (-1 - -6 - -2))
42
Evaluate -60 + (-15 - (-3 - -20)) + (-2 - (0 + -11)).
-83
What is the value of 7 - (47 + 5 + 4 - (-52 - -55))?
-46
(13 + -23 - -2) + (1 - 0) + (0 - -13)
6
Calculate 7 + 20 + -68 + (2 - 15) + 6 + -3.
-51
Evaluate (11 - (-243 + 119)) + -14.
121
What is the value of (-9 - 13) + (-28 - -22)?
-28
Calculate (2 - -1 - (-9 - -12)) + -10 + (7 - -35).
32
-3 - -43 - (-25 - (9 + -29))
45
What is 3 - (11 + (3 + -3 - 6 - -6 - 3))?
-5
-41 + (-9 - -44) + -37
-43
13 + (-51 - 22) + 9 + (1 - -8)
-42
What is the value of -3 + -1 + 2 + (28 - (4 + 13)) - -6?
15
What is the value of 40 - (5 - (5 + -13 + 8))?
35
Evaluate 209 + -208 + 24 + -2 + -17.
6
Evaluate -31 + 1 - (-147 - (-44 + 27)).
100
2 + (17 - (1 + 13 + -36))
41
(19 + -37 + 0 - -30) + (0 - (-3 + -116))
131
What is the value of -77 + (32 - (22 + 10 + -27))?
-50
What is the value of -54 + (0 + 0 - -1) + (-395 - (-581 + 186))?
-53
-